{"id":540,"date":"2024-02-18T03:15:48","date_gmt":"2024-02-18T06:15:48","guid":{"rendered":"https:\/\/tiendabienalto.com.ar\/?post_type=product&#038;p=540"},"modified":"2026-01-29T17:42:03","modified_gmt":"2026-01-29T20:42:03","slug":"termo-bala-acero-inox-1l-negro-c-grabado-laser-personalizado","status":"publish","type":"product","link":"https:\/\/tiendabienalto.com.ar\/?product=termo-bala-acero-inox-1l-negro-c-grabado-laser-personalizado","title":{"rendered":"Termo Bala Acero Inox 1l Negro C\/grabado L\u00e1ser Personalizado"},"content":{"rendered":"","protected":false},"excerpt":{"rendered":"<p>\u00bfNecesit\u00e1s el complemento perfecto para tu kit matero? Experiment\u00e1 la calidad de este termo con GRABADO LASER PERSONALIZADO , de altisima definicion . Llevalo a donde quieras y ten\u00e9 listo tu caf\u00e9, t\u00e9, o jugo r\u00e1pidamente.<\/p>\n<p>\u2022LUEGO DE LA COMPRA INFORMAR R\u00c1PIDAMENTE EL LOGO A GRABAR\u2022<br \/>\nPARA CUMPLIR CON LA ENTREGA EN EL DIA! \u00a1muchas gracias!<\/p>\n<p>| Incluye (cada uno):<br \/>\n-Envoltorio en bolsa de polipropileno<br \/>\n-Bolsas de friselina tipo ri\u00f1on para cada termo<br \/>\n-Grabado Laser de 45mm x 70mm (proporcional)<\/p>\n<p>| Esta PUBLICACI\u00d3N corresponde a 1 unidad Lista para entregar!<\/p>\n<p>| Packaging<br \/>\n&#8211; Envoltorio en film strech<br \/>\n&#8211; Bolsa de friselina con manija para cada producto.<br \/>\n&#8211; Protegemos nuestros productos con pluribol (burbujas), para una entrega en perfectas condiciones.<\/p>\n<p>| Grabados laser<br \/>\n&#8211; Realizamos todo tipo de grabados laser. (Una vez realizada la compra, informarnos el detalle a grabar) nos podes enviar el logo en cualquier tipo de formato.<\/p>\n<p>| Facturaci\u00f3n<br \/>\n&#8211; Realizamos Factura A o B (incluye IVA)<\/p>\n<p>| Detalles<br \/>\n&#8211; Venta minorista. Mayorista. Empresariales. (Consultar precios)<br \/>\n&#8211; Entregamos todos los productos curados \u00a1Listos para usar!<\/p>\n<p>Somos Fabricantes.<br \/>\nSomos Tienda Bien Alto.<\/p>\n","protected":false},"featured_media":2290,"template":"","meta":[],"product_brand":[],"product_cat":[35],"product_tag":[],"class_list":{"0":"post-540","1":"product","2":"type-product","3":"status-publish","4":"has-post-thumbnail","6":"product_cat-termos-botellas","8":"first","9":"instock","10":"taxable","11":"shipping-taxable","12":"purchasable","13":"product-type-simple"},"aioseo_notices":[],"jetpack_sharing_enabled":true,"_links":{"self":[{"href":"https:\/\/tiendabienalto.com.ar\/index.php?rest_route=\/wp\/v2\/product\/540","targetHints":{"allow":["GET"]}}],"collection":[{"href":"https:\/\/tiendabienalto.com.ar\/index.php?rest_route=\/wp\/v2\/product"}],"about":[{"href":"https:\/\/tiendabienalto.com.ar\/index.php?rest_route=\/wp\/v2\/types\/product"}],"version-history":[{"count":3,"href":"https:\/\/tiendabienalto.com.ar\/index.php?rest_route=\/wp\/v2\/product\/540\/revisions"}],"predecessor-version":[{"id":1062,"href":"https:\/\/tiendabienalto.com.ar\/index.php?rest_route=\/wp\/v2\/product\/540\/revisions\/1062"}],"wp:featuredmedia":[{"embeddable":true,"href":"https:\/\/tiendabienalto.com.ar\/index.php?rest_route=\/wp\/v2\/media\/2290"}],"wp:attachment":[{"href":"https:\/\/tiendabienalto.com.ar\/index.php?rest_route=%2Fwp%2Fv2%2Fmedia&parent=540"}],"wp:term":[{"taxonomy":"product_brand","embeddable":true,"href":"https:\/\/tiendabienalto.com.ar\/index.php?rest_route=%2Fwp%2Fv2%2Fproduct_brand&post=540"},{"taxonomy":"product_cat","embeddable":true,"href":"https:\/\/tiendabienalto.com.ar\/index.php?rest_route=%2Fwp%2Fv2%2Fproduct_cat&post=540"},{"taxonomy":"product_tag","embeddable":true,"href":"https:\/\/tiendabienalto.com.ar\/index.php?rest_route=%2Fwp%2Fv2%2Fproduct_tag&post=540"}],"curies":[{"name":"wp","href":"https:\/\/api.w.org\/{rel}","templated":true}]}}